hat are the prime factors of 57689004?
2, 3, 29, 97, 1709
List the prime factors of 4621459.
23, 67, 2999
List the prime factors of 535204999.
7, 17, 83, 7741
List the prime factors of 224742909.
3, 449, 166847
What are the prime factors of 80470934?
2, 40235467
What are the prime factors of 199618766?
2, 99809383
List the prime factors of 293849053.
293849053
List the prime factors of 202153978.
2, 13, 53, 146701
What are the prime factors of 5219329496?
2, 151, 4320637
List the prime factors of 7003041.
3, 67, 34841
What are the prime factors of 94238879?
7, 19, 708563
What are the prime factors of 23546172?
2, 3, 13, 149, 1013
List the prime factors of 43952107.
4513, 9739
What are the prime factors of 359494167?
3, 61, 317, 6197
List the prime factors of 472120046.
2, 163, 1448221
List the prime factors of 25464969.
3, 443, 2129
What are the prime factors of 976330116?
2, 3, 191, 141991
What are the prime factors of 225808737?
3, 7, 11, 419, 2333
What are the prime factors of 16395793?
16395793
What are the prime factors of 14171194?
2, 557, 12721
What are the prime factors of 5144901?
3, 419, 4093
List the prime factors of 4221781571.
7, 603111653
What are the prime factors of 67180128?
2, 3, 699793
What are the prime factors of 3768801972?
2, 3, 13, 47, 514021
What are the prime factors of 103450149?
3, 11, 47, 7411
List the prime factors of 48927997.
107, 457271
List the prime factors of 79901615.
5, 17, 940019
List the prime factors of 62804889.
3, 7, 257, 431
What are the prime factors of 163135228?
2, 23, 41, 61, 709
List the prime factors of 244787418.
2, 3, 83, 163847
What are the prime factors of 4407500496?
2, 3, 7, 13117561
What are the prime factors of 195438125?
5, 312701
List the prime factors of 2472842104.
2, 761, 406183
List the prime factors of 49423478.
2, 13, 1900903
List the prime factors of 7663908.
2, 3, 7, 91237
List the prime factors of 1968625935.
3, 5, 43747243
What are the prime factors of 1433281907?
37123, 38609
What are the prime factors of 617020843?
37, 16676239
What are the prime factors of 118205737?
13, 2143, 4243
What are the prime factors of 43132165?
5, 197, 43789
What are the prime factors of 947518698?
2, 3, 7, 17, 97, 13681
What are the prime factors of 2832602994?
2, 3, 13, 4035047
What are the prime factors of 297516698?
2, 383, 388403
What are the prime factors of 62750585?
5, 941, 13337
What are the prime factors of 289412199?
3, 17, 19, 29, 3433
List the prime factors of 122023251.
3, 7, 101, 127, 151
List the prime factors of 5566400.
2, 5, 7, 71
What are the prime factors of 520739323?
13, 79, 507049
List the prime factors of 1755824086.
2, 19, 46205897
List the prime factors of 24206656.
2, 378229
What are the prime factors of 117002414?
2, 29, 2017283
What are the prime factors of 357726993?
3, 13, 599, 15313
What are the prime factors of 3019366616?
2, 7, 53917261
List the prime factors of 32074550.
2, 5, 641491
What are the prime factors of 6045804?
2, 3, 29, 5791
What are the prime factors of 5523103961?
38729, 142609
List the prime factors of 48336622.
2, 41, 589471
List the prime factors of 167502896.
2, 11, 53, 17957
List the prime factors of 51784622.
2, 25892311
List the prime factors of 187379408.
2, 11711213
What are the prime factors of 542985676?
2, 29, 761, 6151
What are the prime factors of 185921405?
5, 37184281
List the prime factors of 78513572.
2, 109, 180077
What are the prime factors of 54652567?
4621, 11827
List the prime factors of 103993283.
5011, 20753
What are the prime factors of 172138764?
2, 3, 7, 292753
What are the prime factors of 448423107?
3, 11, 13588579
What are the prime factors of 254178591?
3, 29, 2921593
List the prime factors of 525127306.
2, 11, 23, 1037801
List the prime factors of 363907847.
73, 727, 6857
List the prime factors of 94971259.
29, 31, 149, 709
List the prime factors of 223223442.
2, 3, 13, 37, 77347
What are the prime factors of 1458568202?
2, 7, 13, 47, 24359
What are the prime factors of 690428757?
3, 113, 2036663
List the prime factors of 412830125.
5, 17, 131, 1483
List the prime factors of 480543286.
2, 109, 2204327
List the prime factors of 388397836.
2, 83, 1169873
What are the prime factors of 980165519?
29, 1489, 22699
What are the prime factors of 192446484?
2, 3, 16037207
List the prime factors of 483478555.
5, 7, 17, 97, 8377
List the prime factors of 156561285.
3, 5, 29, 359911
List the prime factors of 89446810.
2, 5, 8944681
List the prime factors of 1435154161.
7, 17, 23, 524353
List the prime factors of 825528553.
233, 3543041
What are the prime factors of 154168862?
2, 23, 37, 239, 379
What are the prime factors of 215720395?
5, 11, 17, 19, 12143
What are the prime factors of 2226340023?
3, 97, 7650653
List the prime factors of 689328974.
2, 17747, 19421
What are the prime factors of 363277678?
2, 4129, 43991
List the prime factors of 278597553.
3, 13, 61, 181, 647
List the prime factors of 206532798.
2, 3, 34422133
List the prime factors of 36929373.
3, 13, 431
List the prime factors of 626476985.
5, 31, 4041787
List the prime factors of 1407512799.
3, 7, 11, 19, 15271
What are the prime factors of 185543063?
127, 163, 8963
List the prime factors of 111604560.
2, 3, 5, 465019
List the prime factors of 368220127.
11, 2269, 14753
What are the prime factors of 187489782?
2, 3, 3472033
What are the prime factors of 1490718353?
181, 199, 41387
What are the prime factors of 66013041?
3, 43, 61, 8389
What are the prime factors of 321767213?
229, 1405097
List the prime factors of 1836847853.
1836847853
What are the prime factors of 685497650?
2, 5, 29, 233, 2029
What are the prime factors of 700011612?
2, 3, 1129, 5741
List the prime factors of 194866409.
4951, 39359
What are the prime factors of 1385386908?
2, 3, 7561, 15269
What are the prime factors of 55574931?
3, 18524977
List the prime factors of 45496597.
397, 114601
What are the prime factors of 101068985?
5, 139, 145423
List the prime factors of 853026463.
89, 2543, 3769
What are the prime factors of 42982031?
29, 59, 25121
List the prime factors of 1395564716.
2, 7, 13, 103, 37223
What are the prime factors of 117200993?
7, 13, 14153
What are the prime factors of 633009723?
3, 101, 2089141
List the prime factors of 512954719.
17, 30173807
List the prime factors of 557628738.
2, 3, 2693, 34511
List the prime factors of 10688876.
2, 11, 277, 877
List the prime factors of 38466958.
2, 19233479
List the prime factors of 33544561.
29, 1156709
What are the prime factors of 32131593?
3, 13, 31, 2953
List the prime factors of 5831788.
2, 23, 63389
List the prime factors of 84238113.
3, 28079371
What are the prime factors of 2620755269?
11, 238250479
What are the prime factors of 1541201196?
2, 3, 128433433
What are the prime factors of 37477645?
5, 2099, 3571
List the prime factors of 89320026.
2, 3, 19, 73, 10733
What are the prime factors of 60649714?
2, 73, 415409
List the prime factors of 8354581687.
1031, 1583, 5119
List the prime factors of 239632507.
43, 173, 32213
List the prime factors of 22719218.
2, 31, 366439
List the prime factors of 1134846113.
3329, 340897
What are the prime factors of 11923632?
2, 3, 7, 3943
What are the prime factors of 60103979?
13, 29, 131, 1217
List the prime factors of 144660137.
144660137
List the prime factors of 95970970.
2, 5, 37, 259381
List the prime factors of 1036206679.
1036206679
What are the prime factors of 2371871126?
2, 1185935563
List the prime factors of 4912368786.
2, 3, 13, 269, 78041
What are the prime factors of 82901027?
11, 17, 193, 2297
List the prime factors of 33167207.
37, 139, 6449
What are the prime factors of 55312466?
2, 11, 2514203
What are the prime factors of 385336339?
385336339
List the prime factors of 697371980.
2, 5, 34868599
List the prime factors of 2647957322.
2, 1231, 1075531
What are the prime factors of 248818791?
3, 13, 41, 155609
List the prime factors of 169278458.
2, 1361, 62189
What are the prime factors of 2453277734?
2, 3761, 326147
What are the prime factors of 4634290713?
3, 13, 118827967
What are the prime factors of 12919489?
11, 1174499
What are the prime factors of 36899938?
2, 19, 971051
What are the prime factors of 241928111?
241928111
List the prime factors of 60299955